{"id":15667,"date":"2024-04-08T11:15:04","date_gmt":"2024-04-08T04:15:04","guid":{"rendered":"https:\/\/hembanh.com\/?post_type=product&#038;p=15667"},"modified":"2024-04-08T11:16:50","modified_gmt":"2024-04-08T04:16:50","slug":"banh-tam-giac-tiramisu-va-cheesecake-chanh-day","status":"publish","type":"product","link":"https:\/\/hembanh.com\/index.php\/product\/banh-tam-giac-tiramisu-va-cheesecake-chanh-day\/","title":{"rendered":"B\u00e1nh tam gi\u00e1c Tiramisu v\u00e0 Cheesecake Chanh D\u00e2y"},"content":{"rendered":"","protected":false},"excerpt":{"rendered":"","protected":false},"featured_media":15628,"comment_status":"open","ping_status":"closed","template":"","meta":[],"product_cat":[29],"product_tag":[78,74,77],"class_list":{"0":"post-15667","1":"product","2":"type-product","3":"status-publish","4":"has-post-thumbnail","6":"product_cat-banhtamgiac","7":"product_tag-banh-chanh-day","8":"product_tag-banh-tam-giac","9":"product_tag-banh-tiramisu","11":"first","12":"instock","13":"shipping-taxable","14":"purchasable","15":"product-type-simple"},"aioseo_notices":[],"jetpack_sharing_enabled":true,"jetpack-related-posts":[],"_links":{"self":[{"href":"https:\/\/hembanh.com\/index.php\/wp-json\/wp\/v2\/product\/15667","targetHints":{"allow":["GET"]}}],"collection":[{"href":"https:\/\/hembanh.com\/index.php\/wp-json\/wp\/v2\/product"}],"about":[{"href":"https:\/\/hembanh.com\/index.php\/wp-json\/wp\/v2\/types\/product"}],"replies":[{"embeddable":true,"href":"https:\/\/hembanh.com\/index.php\/wp-json\/wp\/v2\/comments?post=15667"}],"version-history":[{"count":1,"href":"https:\/\/hembanh.com\/index.php\/wp-json\/wp\/v2\/product\/15667\/revisions"}],"predecessor-version":[{"id":15668,"href":"https:\/\/hembanh.com\/index.php\/wp-json\/wp\/v2\/product\/15667\/revisions\/15668"}],"wp:featuredmedia":[{"embeddable":true,"href":"https:\/\/hembanh.com\/index.php\/wp-json\/wp\/v2\/media\/15628"}],"wp:attachment":[{"href":"https:\/\/hembanh.com\/index.php\/wp-json\/wp\/v2\/media?parent=15667"}],"wp:term":[{"taxonomy":"product_cat","embeddable":true,"href":"https:\/\/hembanh.com\/index.php\/wp-json\/wp\/v2\/product_cat?post=15667"},{"taxonomy":"product_tag","embeddable":true,"href":"https:\/\/hembanh.com\/index.php\/wp-json\/wp\/v2\/product_tag?post=15667"}],"curies":[{"name":"wp","href":"https:\/\/api.w.org\/{rel}","templated":true}]}}