{"id":15671,"date":"2024-04-08T11:47:25","date_gmt":"2024-04-08T04:47:25","guid":{"rendered":"https:\/\/hembanh.com\/?post_type=product&#038;p=15671"},"modified":"2024-04-08T11:52:06","modified_gmt":"2024-04-08T04:52:06","slug":"banh-vuong-6","status":"publish","type":"product","link":"https:\/\/hembanh.com\/index.php\/product\/banh-vuong-6\/","title":{"rendered":"B\u00e1nh vu\u00f4ng 6"},"content":{"rendered":"<p>K\u00edch th\u01b0\u1edbc 1 \u00f4 l\u00e0 6x6cm<br \/>\nKh\u00e1ch c\u00f3 th\u1ec3 ch\u1ecdn nh\u1eefng v\u1ecb n\u00e0y \u1ea1<\/p>\n<p>Tiramisu<\/p>\n<p>Choco H\u1ebbm<\/p>\n<p>Red Velvet<\/p>\n<p>Cheesecake Chanh D\u00e2y<\/p>\n<p>Cheesecake Oreo<\/p>\n<p>Mousse Choco<\/p>\n<p>Mousse B\u01a1<\/p>\n<p>Mousse Xo\u00e0i<\/p>\n<p>Mousse D\u01b0a L\u01b0\u1edbi<\/p>\n<p>Mousse D\u00e2u<\/p>\n<p>Mousse \u0110\u00e0o<\/p>\n<p>Mousse Vi\u1ec7t Qu\u1ea5t<\/p>\n<p>Mousse V\u1ea3i Hoa H\u1ed3ng<\/p>\n<p>Mousse \u1ed4i H\u1ed3ng<\/p>\n<p>Mousse Nha \u0110am Anh \u0110\u00e0o<\/p>\n<p>Mousse Th\u01a1m<\/p>\n<p>&nbsp;<\/p>\n<p>&nbsp;<\/p>\n","protected":false},"excerpt":{"rendered":"<p>K\u00edch th\u01b0\u1edbc 1 \u00f4 l\u00e0 6x6cm Kh\u00e1ch c\u00f3 th\u1ec3 ch\u1ecdn nh\u1eefng v\u1ecb n\u00e0y \u1ea1 Tiramisu Choco H\u1ebbm Red Velvet Cheesecake<\/p>\n","protected":false},"featured_media":15631,"comment_status":"open","ping_status":"closed","template":"","meta":[],"product_cat":[20],"product_tag":[81,80],"class_list":{"0":"post-15671","1":"product","2":"type-product","3":"status-publish","4":"has-post-thumbnail","6":"product_cat-banhvuong","7":"product_tag-banh-nhieu-vi","8":"product_tag-banh-vuong","10":"first","11":"instock","12":"virtual","13":"purchasable","14":"product-type-simple"},"aioseo_notices":[],"jetpack_sharing_enabled":true,"jetpack-related-posts":[],"_links":{"self":[{"href":"https:\/\/hembanh.com\/index.php\/wp-json\/wp\/v2\/product\/15671","targetHints":{"allow":["GET"]}}],"collection":[{"href":"https:\/\/hembanh.com\/index.php\/wp-json\/wp\/v2\/product"}],"about":[{"href":"https:\/\/hembanh.com\/index.php\/wp-json\/wp\/v2\/types\/product"}],"replies":[{"embeddable":true,"href":"https:\/\/hembanh.com\/index.php\/wp-json\/wp\/v2\/comments?post=15671"}],"version-history":[{"count":2,"href":"https:\/\/hembanh.com\/index.php\/wp-json\/wp\/v2\/product\/15671\/revisions"}],"predecessor-version":[{"id":15673,"href":"https:\/\/hembanh.com\/index.php\/wp-json\/wp\/v2\/product\/15671\/revisions\/15673"}],"wp:featuredmedia":[{"embeddable":true,"href":"https:\/\/hembanh.com\/index.php\/wp-json\/wp\/v2\/media\/15631"}],"wp:attachment":[{"href":"https:\/\/hembanh.com\/index.php\/wp-json\/wp\/v2\/media?parent=15671"}],"wp:term":[{"taxonomy":"product_cat","embeddable":true,"href":"https:\/\/hembanh.com\/index.php\/wp-json\/wp\/v2\/product_cat?post=15671"},{"taxonomy":"product_tag","embeddable":true,"href":"https:\/\/hembanh.com\/index.php\/wp-json\/wp\/v2\/product_tag?post=15671"}],"curies":[{"name":"wp","href":"https:\/\/api.w.org\/{rel}","templated":true}]}}